{"id":3441,"date":"2026-03-23T21:02:19","date_gmt":"2026-03-23T20:02:19","guid":{"rendered":"https:\/\/eb.centre-kalachakra.com\/?page_id=3441"},"modified":"2026-04-09T22:39:40","modified_gmt":"2026-04-09T20:39:40","slug":"module-7-explorer-lentrainement-de-lesprit","status":"publish","type":"page","link":"https:\/\/eb.centre-kalachakra.com\/?page_id=3441","title":{"rendered":"Module 7 &#8211; Explorer l&rsquo;entrainement de l&rsquo;esprit"},"content":{"rendered":"<p>Chers amis,<\/p>\n<p>Pour ce module 7, il n&rsquo;y a pas de livret.<\/p>\n<p>La version fran\u00e7aise du texte que nous allons suivre est celle-ci : <a href=\"https:\/\/www.lotsawahouse.org\/fr\/indian-masters\/atisha\/jewel-rosary-bodhisattvas\"><strong>La guirlande de joyaux du bodhisattva<\/strong><\/a><\/p>\n<h3>Supports compl\u00e9mentaires utilis\u00e9s :<\/h3>\n<ul>\n<li>La discussion : <a href=\"https:\/\/www.dropbox.com\/scl\/fi\/0h0bzgee5t4zn04hqnw0f\/discussion.docx?rlkey=onc8kv0t2f7wvprma490tub17&amp;st=ijk92f12&amp;dl=0\">word<\/a> et <a href=\"https:\/\/www.dropbox.com\/scl\/fi\/3kpy4eafbqdvq6d1uf80x\/discussion.pdf?rlkey=kowbwwxtpv79htq9tzehndgl7&amp;st=oficnosj&amp;dl=0\">pdf<\/a><\/li>\n<li>Les facteurs mentaux : <a href=\"https:\/\/www.dropbox.com\/scl\/fi\/rfpbm73nej6uclau5ocil\/facteurs-mentaux.docx?rlkey=bio264ohhmmwbzv70dldg65av&amp;st=makuxg3d&amp;dl=0\">word<\/a> et <a href=\"https:\/\/www.dropbox.com\/scl\/fi\/5j4egj8glw8gr7i3ix0b4\/facteurs-mentaux.pdf?rlkey=99euz61f63z2ksoaj7e8lwlwq&amp;st=c8e0gjfr&amp;dl=0\">pdf<\/a><\/li>\n<li>Les fautes des perturbations mentales : <a href=\"https:\/\/www.dropbox.com\/scl\/fi\/855cns6iq5d8qop5c0ioe\/fautes-des-perturbations-mentales.docx?rlkey=7h7tcjdec9oh4qpjxebs5jifq&amp;st=hphlao1d&amp;dl=0\">word<\/a> et <a href=\"https:\/\/www.dropbox.com\/scl\/fi\/k0p2xkkn6or28iusctg3j\/fautes-des-perturbations-mentales.pdf?rlkey=n8ioaegfpoclbb3ybquduf311&amp;st=098wnmg7&amp;dl=0\">pdf<\/a><\/li>\n<li>Le premier voeu de bodhisattva : <a href=\"https:\/\/www.dropbox.com\/scl\/fi\/o5c7df89vmd056hjn3uzi\/premier-voeu-de-bodhisattva.docx?rlkey=w9i938ibal4n078b9p8mpqx7o&amp;st=bt0aistk&amp;dl=0\">word<\/a> et <a href=\"https:\/\/www.dropbox.com\/scl\/fi\/bjuhjgcvp9rufscm3oc7t\/premier-voeu-de-bodhisattva.pdf?rlkey=lr4e6ivds7jumtpp5smbw9xpj&amp;st=xcwep24p&amp;dl=0\">pdf<\/a><\/li>\n<\/ul>\n","protected":false},"excerpt":{"rendered":"<p>Chers amis, Pour ce module 7, il n&rsquo;y a pas de livret. La version fran\u00e7aise du texte que nous allons suivre est celle-ci : La guirlande de joyaux du bodhisattva Supports compl\u00e9mentaires utilis\u00e9s : La discussion : word et pdf Les facteurs mentaux : word et pdf Les fautes des perturbations mentales : word et [&hellip;]<\/p>\n","protected":false},"author":8,"featured_media":0,"parent":2612,"menu_order":7,"comment_status":"closed","ping_status":"closed","template":"","meta":{"footnotes":""},"_links":{"self":[{"href":"https:\/\/eb.centre-kalachakra.com\/index.php?rest_route=\/wp\/v2\/pages\/3441"}],"collection":[{"href":"https:\/\/eb.centre-kalachakra.com\/index.php?rest_route=\/wp\/v2\/pages"}],"about":[{"href":"https:\/\/eb.centre-kalachakra.com\/index.php?rest_route=\/wp\/v2\/types\/page"}],"author":[{"embeddable":true,"href":"https:\/\/eb.centre-kalachakra.com\/index.php?rest_route=\/wp\/v2\/users\/8"}],"replies":[{"embeddable":true,"href":"https:\/\/eb.centre-kalachakra.com\/index.php?rest_route=%2Fwp%2Fv2%2Fcomments&post=3441"}],"version-history":[{"count":6,"href":"https:\/\/eb.centre-kalachakra.com\/index.php?rest_route=\/wp\/v2\/pages\/3441\/revisions"}],"predecessor-version":[{"id":3455,"href":"https:\/\/eb.centre-kalachakra.com\/index.php?rest_route=\/wp\/v2\/pages\/3441\/revisions\/3455"}],"up":[{"embeddable":true,"href":"https:\/\/eb.centre-kalachakra.com\/index.php?rest_route=\/wp\/v2\/pages\/2612"}],"wp:attachment":[{"href":"https:\/\/eb.centre-kalachakra.com\/index.php?rest_route=%2Fwp%2Fv2%2Fmedia&parent=3441"}],"curies":[{"name":"wp","href":"https:\/\/api.w.org\/{rel}","templated":true}]}}